) to base 16
ce387
What is -286445 (base 12) in base 14?
-137b81
What is -22434778 (base 9) in base 16?
-a6243d
What is 1a3c3 (base 16) in base 9?
173358
-64aaa (base 12) to base 6
-2503134
What is 331332032 (base 4) in base 2?
111101111110001110
-429610 (base 16) to base 15
-5b2e97
What is 196971 (base 12) in base 14?
b8d93
What is -2531018 (base 9) in base 16?
-1508fc
What is 3702307 (base 10) in base 13?
9c821b
133450254 (base 6) to base 8
12223572
-25321276 (base 8) to base 6
-320142302
120504 (base 9) to base 11
4a592
1011011100101100001110 (base 2) to base 7
34336366
-62934c (base 16) to base 14
-c02456
What is -434222422 (base 5) in base 11?
-1065979
Convert 4134133 (base 6) to base 16.
30a29
Convert -2430123210 (base 5) to base 11.
-32494a8
Convert 111101321 (base 4) to base 3.
11102120012
1352052 (base 7) to base 9
305006
-113065 (base 9) to base 2
-10000100100010000
What is -1604228 (base 9) in base 3?
-1200011020222
Convert -9785 (base 16) to base 7.
-221042
406656 (base 8) to base 7
1100226
-13040422 (base 5) to base 10
-127612
-299175 (base 11) to base 10
-466053
1613375 (base 9) to base 8
3323512
Convert -1010010110010001101111 (base 2) to base 5.
-1143301222
Convert -5a4674 (base 11) to base 14.
-1ad0a0
Convert 1092b (base 12) to base 14.
8083
-523641 (base 8) to base 3
-22211122220
-4433084 (base 10) to base 15
-5c878e
Convert 12044423 (base 5) to base 15.
234e3
-311014312 (base 5) to base 13
-354808
Convert -3db512 (base 15) to base 5.
-1230141032
-122202202200 (base 3) to base 10
-349749
What is 852b06 (base 12) in base 7?
23562435
Convert 22407156 (base 8) to base 4.
102200321232
Convert -a8357 (base 11) to base 5.
-20014413
What is -186a91 (base 11) in base 15?
-5a2a0
Convert 59291 (base 11) to base 14.
23250
What is 115916 (base 10) in base 7?
661643
What is -111011100001001001 (base 2) in base 8?
-734111
-2c0374 (base 13) to base 6
-35135224
What is 99e49 (base 15) in base 13?
1418a3
Convert -864666 (base 10) to base 15.
-1212e6
Convert -13331112 (base 4) to base 6.
-410530
-2230113122 (base 4) to base 14
-145414
What is 11474252 (base 8) in base 9?
4662457
Convert -14220 (base 10) to base 13.
-661b
Convert -1921692 (base 10) to base 11.
-10a2883
-9410cd (base 14) to base 12
-180b951
Convert 2267051 (base 10) to base 12.
913b4b
Convert -10521342 (base 7) to base 11.
-57396a
Convert -437273 (base 8) to base 15.
-2d8db
What is -516616 (base 13) in base 6?
-104412441
What is 95240 (base 11) in base 13?
4b1a0
What is 5250463 (base 8) in base 16?
155133
13431402 (base 5) to base 10
139602
968971 (base 10) to base 7
11143663
What is -5654654 (base 9) in base 2?
-1011101000000101001011
Convert -1624533 (base 11) to base 2.
-1010100101000001111010
What is 110691 (base 14) in base 8?
2150007
Convert -2478848 (base 11) to base 16.
-41a2a9
What is -121d3c5 (base 14) in base 2?
-100001000111001001100001
-14101b3 (base 12) to base 8
-17211027
-1192665 (base 10) to base 14
-230905
Convert 12020100211201 (base 3) to base 5.
1203014402
What is 7960648 (base 10) in base 9?
15872854
What is 5425141 (base 6) in base 3?
111121210021
111220002010 (base 3) to base 12
1122a0
11075435 (base 8) to base 15
3235c8
Convert 216974 (base 10) to base 8.
647616
Convert -3417bc (base 14) to base 16.
-1b079a
-1151341544 (base 6) to base 2
-110010011110100111001000
Convert 131133332 (base 4) to base 3.
20010202012
8b889 (base 12) to base 9
313316
What is -2221112201002 (base 3) in base 14?
-2ca822
-16865 (base 16) to base 2
-10110100001100101
386446 (base 9) to base 16
39387
Convert 33bd0 (base 16) to base 13.
755c7
What is -61353603 (base 8) in base 12?
-4413403
Convert 6476c (base 16) to base 9.
686422
-23022330311 (base 4) to base 3
-12111210001122
What is 20506233 (base 7) in base 14?
331953
Convert 1232232202 (base 4) to base 11.
28a828
-243073 (base 10) to base 3
-110100102201
What is -1abb (base 12) in base 9?
-4478
What is -362061 (base 7) in base 5?
-4044211
-15585 (base 16) to base 5
-10244204
What is -21ee5 (base 16) in base 14?
-38913
Convert -3546667 (base 8) to base 6.
-32443303
What is -2140121244 (base 5) in base 7?
-54134514
What is 11101011000101010 (base 2) in base 9?
203085
What is 30022112221 (base 4) in base 7?
36045601
What is -20c748a (base 13) in base 8?
-46143547
What is 13303111023 (base 4) in base 7?
23245566
Convert 10010110101000000101110 (base 2) to base 3.
100021202112200
Convert -5ddc0 (base 16) to base 6.
-12123504
What is -7a2384 (base 11) in base 6?
-43211300
-334320 (base 8) to base 14
-2d1a8
Convert -41134403 (base 5) to base 4.
-1101132200
-3ae099 (base 16) to base 10
-3858585
Convert 101200102022 (base 3) to base 16.
33551
Convert 140440 (base 9) to base 3.
11100111100
-c804 (base 15) to base 10
-42304
-67674 (base 8) to base 10
-28604
What is -4533734 (base 11) in base 14?
-10a99a3
Convert -2c767 (base 13) to base 11.
-5874a
What is -214134121 (base 5) in base 15?
-134bc6
434604 (base 9) to base 12
106071
Convert -33310011012 (base 4) to base 3.
-21210121112020
5312409 (base 10) to base 13
114004b
Convert 26335414 (base 7) to base 16.
24cfee
-332939 (base 16) to base 7
-40333121
Convert 7558135 (base 9) to base 14.
777614
405527 (base 9) to base 16
3aa8f
27168 (base 9) to base 10
18368
Convert -9590 (base 13) to base 9.
-31388
What is -404201 (base 6) in base 13?
-11779
Convert -550a0 (base 14) to base 11.
-1307a9
153a2e (base 15) to base 9
1831828
-706872 (base 12) to base 13
-495143
What is -12120334 (base 5) in base 6?
-2235020
What is 227561 (base 8) in base 7?
442322
-327991 (base 11) to base 9
-876305
-6246781 (base 9) to base 12
-114b86a
44030350 (base 6) to base 9
2416463
What is 136a842 (base 15) in base 7?
230031656
What is 885420 (base 9) in base 13?
156951
What is -2baa3 (base 13) in base 16?
-144a8
What is 1505784 (base 10) in base 14?
2b2a80
1111100000011011010111 (base 2) to base 8
17403327
-353482 (base 12) to base 3
-1121111020222
2030 (base 10) to base 9
2705
What is 101111011001100010001 (base 2) in base 12?
62a9a9
Convert -214341120 (base 5) to base 9.
-1673067
What is -13c097 (base 16) in base 7?
-14001005
What is -543652 (base 7) in base 8?
-271427
10000111001111010110000 (base 2) to base 7
52444634
What is -907d6d (base 14) in base 4?
-102203010331
What is 4b56515 (base 12) in base 9?
30751108
What is -12100202222 (base 3) in base 5?
-11334132
Convert 3329d3 (base 15) to base 14.
476ba5
What is -120211100 (base 3) in base 12?
-6816
Convert -48a8b (base 12) to base 5.
-11121230
Convert -3248554 (base 10) to base 11.
-1919761
What is 1121168 (base 12) in base 2?
1100100000010110100000
What is 10221021120000 (base 3) in base 8?
7765602
Convert 121020021 (base 5) to base 2.
10001001101000110001
What is -8325472 (base 10) in base 16?
-7f0960
What is 145ac1 (base 16) in base 3?
2111202211200
-600101 (base 7) to base 6
-2055032
Convert c0a84 (base 14) to base 7.
3636024
Convert -85158a (base 12) to base 7.
-23552245
Convert 19251a6 (base 11) to base 3.
20010111000211
-20146 (base 15) to base 14
-2900d
What is 131121010 (base 5) in base 12?
27140a
Convert 9349a (base 12) to base 13.
6980b
-2505708 (base 9) to base 16
-14c9ab
What is 156055245 (base 7) in base 3?
201221122120100
137319 (base 15) to base 11
589a02
What is -267c1c (base 15) in base 4?
-13003120110
What is 1927 (base 15) in base 5?
133222
Convert 135253 (base 9) to base 4.
110022123
-10110001111010 (base 2) to base 10
-11386
Convert 351357 (base 9) to base 16.
33820
What is 122322113230 (base 4) in base 3?
111021102101221
Convert -c5e80 (base 15) to base 2.
-10011001001110111101
Convert 2542303 (base 7) to base 10.
329773
What is -1022020011000 (base 3) in base 14?
-140999
33fba2 (base 16) to base 2
1100111111101110100010
What is 376940 (base 10) in base 11?
238223
Convert 200112220220 (base 3) to base 5.
43141142
What is 4860855 (base 9) in base 3?
11222000221212
Convert -899874 (base 10) to base 8.
-3335442
Convert 8f172c (base 16) to base 3.
122122102121210
260f2 (base 16) to base 6
3201414
Convert 13b59a (base 16) to base 15.
1a7ab9
Convert -12da0bd (base 15) to base 10.
-13601428
-2402524 (base 6) to base 10
-125044
20012211002 (base 3) to base 12
5a96b
What is -74160 (base 15) in base 3?
-200201001200
Convert 4c5a67 (base 13) t